2 - -2 - (10 + -3))?
1
0 + 0 - (3 + -7)
4
Evaluate -3 - (-2 + 2 + -5 + 3).
-1
What is the value of (1 - 2) + (1 - 1)?
-1
What is 0 + 4 + -10 + 7 + -7?
-6
What is (0 - 1) + -6 - -5?
-2
Calculate 0 + -3 + 10 + -16.
-9
(4 + -4 - 2) + (-2 - 1)
-5
2 + -11 + 6 + 1
-2
Evaluate (-3 - (-2 - 4)) + -4 - -6.
5
What is the value of 0 + 4 + 1 - 0 - 11?
-6
What is 9 + -4 + 2 + -2?
5
Calculate (-4 - -12 - 4 - 6) + 0.
-2
What is the value of 22 + -10 + -3 + -13?
-4
Calculate (6 - 1 - (3 - -2)) + 3.
3
15 + -10 - -1 - 3
3
(-8 - -7) + (-4 - -1) + 3
-1
Evaluate (-11 - ((3 - 14) + 3)) + 2.
-1
-4 - (6 - (-4 - -7))
-7
-2 - ((11 - -2) + -11)
-4
What is -8 + (5 - -1) + (21 - 23)?
-4
What is -30 + 28 + (-2 + -4 - -1)?
-7
What is 1 + 4 + (-14 + 5 - -8)?
4
Evaluate (9 + 1 - (-5 + 10)) + -7.
-2
0 + -1 + -4 + 7 - 2
0
3 + 2 - (18 + -11)
-2
0 - -1 - (-4 - (-13 - -4))
-4
Evaluate -9 + 2 - (-4 + -1).
-2
Evaluate (-30 - -40) + (-1 - 1).
8
(7 - (6 - 0)) + -1 + 6
6
2 - ((-3 - (-6 + 3)) + -4)
6
(4 - 0 - 1) + (-2 - 3)
-2
What is the value of (-7 - -13) + 2 + -4?
4
Calculate 4 - (4 - (-5 - -5)).
0
What is -7 + 1 - (8 + -3 - 7)?
-4
Evaluate -5 + (-1 + 0 - -1) - -3.
-2
Evaluate 2 + 1 + (9 - 15 - -3).
0
Calculate 4 + -6 + -4 + -1 + 12.
5
Evaluate (2 - (5 - 8)) + 1.
6
What is 0 - (-2 + -2) - 8?
-4
Calculate -4 - -1 - -1 - (1 + -4).
1
Evaluate (3 - 1) + (24 - 25).
1
What is the value of -2 + 2 + (1 - (1 - 3))?
3
Evaluate 10 + -2 + -5 + (-1 - 2).
0
What is -6 - (-7 + -5) - 8?
-2
What is 9 + -5 + (3 - 4) + -1?
2
Calculate (-6 - -5) + 5 + -5.
-1
(-1 - -2) + (-18 + 5 - -10)
-2
Evaluate 1 - -2 - (-5 + 2).
6
Calculate (10 - 4 - -1 - 8) + 7.
6
11 + (-7 - -5) - 20
-11
What is 5 + 2 + -3 - 2?
2
Evaluate -7 - -6 - (-8 - (-3 + 0)).
4
Evaluate -4 - (-3 + -1 + -1).
1
Calculate 1 + (-1 - (-5 + 8 + -2)).
-1
What is the value of (3 - 4 - -2) + 2?
3
Calculate 12 + -6 + 1 + -4.
3
What is the value of -8 - ((1 - 9) + 2)?
-2
What is (-2 - 0) + (-6 - -2) + 4?
-2
What is the value of -7 + (1 - 14) + 24?
4
What is the value of -3 + (7 - 16) + 11?
-1
What is -2 - (10 + -12 - (-2 + 2))?
0
Evaluate (-1 - -4) + (-33 - -35).
5
-11 - -15 - (1 - -1)
2
What is the value of (-4 - -6) + 4 + -1 + -5?
0
(5 - 14 - -14) + -5
0
What is the value of 4 + (-5 - (8 + -11))?
2
What is the value of 0 + -2 - -9 - (1 - -1)?
5
Evaluate 1 - 4 - (2 + -3).
-2
Calculate (-1 - -1) + -2 + 5.
3
-3 + (11 - 1) + (2 - 4)
5
Evaluate 4 + -5 + -12 + 8.
-5
Calculate (-7 - (1 + -2)) + 0 + 1.
-5
Calculate -2 - (0 + (-6 - 0 - 0)).
4
Evaluate -5 + (9 - -6) - 9.
1
What is 9 + (0 + 8 - 12) - -1?
6
What is the value of 4 - (3 + -2 + 3) - 1?
-1
Evaluate 7 - (-4 - (-2 - (16 + -8))).
1
What is the value of 5 - (-2 + -3) - 5?
5
What is the value of 8 - (-8 - -17) - (3 - -4)?
-8
What is -4 + 6 + -9 + 7?
0
What is the value of (-3 - 0) + 1 + 5 - 6?
-3
Calculate 192 - 196 - (-1 - (-2 - -1)).
-4
Evaluate 3 - (5 + -2) - -2 - -2.
4
-22 + (3 - 1 - -11)
-9
What is 1 + 10 - (41 - 34)?
4
What is the value of 38 + -34 + (0 - (3 - 0))?
1
What is (-3 - (-1 - 1)) + 1 - -5?
5
Calculate 2 + -4 - 1 - 1.
-4
Evaluate (8 - 4 - (1 - -1)) + -1.
1
Calculate 4 + -10 + 7 + -5.
-4
What is the value of (13 - 12 - -11) + -4?
8
Calculate -20 + 18 + (-1 - -7) + 0.
4
-12 + (12 - (8 - 9))
1
-3 + (4 - (9 + -2) - -1)
-5
Evaluate -1 - (1 - -3 - (2 + 0)).
-3
What is (-14 - 3) + 18 - (1 + 6)?
-6
13 - (0 + -7 + 5) - 5
10
What is -2 + (1 - 0) + (-133 - -140)?
6
What is the value of (6 - (-1 + 6 - 5)) + -4?
2
Calculate -13 + (4 - (6 + -7)) + -1.
-9
4 - (12 - -5) - -20
7
What is the value of 6 - (7 + (-1 - 1) + -1)?
2
-7 - (2 - 4 - (-11 - -11))
-5
What is the value of 2 + (0 - 3) - -7?
6
Calculate -37 + 43 + (1 - 2).
5
6 + -6 - -3 - 2
1
Calculate 8 - 11 - (-1 + -2).
0
What is the value of -3 - (8 + -13 + 5)?
-3
Evaluate 7 + 2 + -12 - -8.
5
(11 - 14) + 1 + 10
8
What is the value of -21 - -28 - (3 - 2 - -2)?
4
2 + 3 + 5 + -5
5
6 + -16 + (9 - 2)
-3
What is the value of 4 + 16 - 8 - 5?
7
Evaluate -2 - ((4 - 2) + -1).
-3
What is the value of -1 + 2 + -3 + (-5 - 1)?
-8
What is the value of -3 + (2 - (5 - 3 - 3))?
0
Evaluate (-114 - -103) + 8 + 1.
-2
What is the value of (-4 - (-6 + 6)) + 2?
-2
Evaluate -5 + 4 + 7 - 1.
5
What is -3 + (2 - -1) - (1 + 1)?
-2
Calculate (0 - 2) + -12 + 10.
-4
What is the value of 8 + (11 - 20) + 10?
9
8 + -2 - (-5 + 5) - 11
-5
Calculate (29 + -4 - 15) + -13.
-3
Calculate (1 - 1) + (0 - -1) + 1.
2
Calculate -5 + 11 - (1 - -4).
1
Evaluate -7 - 0 - (2 + -3).
-6
Evaluate (10 - 5 - 8) + -1.
-4
-1 + (0 - (-4 - -3))
0
What is the value of -159 + 164 + 4 + (-1 - -1)?
9
What is 0 + (3 - 3) + (5 - 2)?
3
What is the value of -3 - ((3 - -1) + 2 + -6)?
-3
5 + (-10 - (-3 + -2))
0
Calculate (-1 + 4 - 5 - -2) + 0.
0
What is the value of (5 - 7) + 7 - 14?
-9
Calculate 3 - (-7 + 7 + -2).
5
-12 + -1 + 9 + 3
-1
What is 2 + (1 - -4) + 27 + -37?
-3
Evaluate (-8 - -11 - 13) + 14.
4
What is the value of -7 - ((-7 - -4) + 1)?
-5
Calculate 10 - (-5 + 1 - -11).
3
What is 3 - (2 - -2) - (-10 + 3)?
6
Evaluate -4 - (1 - (5 + -3)).
-3
What is (-1 - (4 + -1)) + -14 + 12?
-6
Calculate -4 + 3 - 2 - (-1 + 0).
-2
Evaluate -2 + -5 + -7 - -9.
-5
What is the value of -2 + (2 + -4 - -9)?
5
Evaluate (3 - 4) + (7 - (2 - -3)).
1
What is (3 - 2) + -4 + 1?
-2
What is 0 + -1 - (-2 + -1 + -1)?
3
Calculate (-2 - -4) + -1 + 5 + -14.
-8
Calculate (1 - 2) + (0 - -1) + 3.
3
Evaluate 6 - (10 + (-4 - 2)).
2
Calculate 12 + (-12 - -2) + 3.
5
Evaluate (1 - -12) + -12 + 1.
2
Evaluate (-10 - -3) + 2 + 0 + 1.
-4
-12 + (-8 - (-7 - 15))
2
What is 9 + 5 + -25 + 5?
-6
What is the value of 1 + -14 + 5 + 13?
5
What is -6 - (1 - -2 - 5)?
-4
What is (-4 - -2) + (-2 - (-3 + -2))?
1
Calculate 0 + 2 - (3 - 0).
-1
(13 - (-8 - -17)) + (-1 - 8)
-5
What is the value of (0 - 6) + (2 - -5 - 3)?
-2
What is (5 - 10 - -4) + -1 + -4?
-6
-1 - ((0 - 4) + 2) - -2
3
Calculate -3 + -1 + -5 + (2 - -2).
-5
(-3 - -1) + 4 + -3 + -3
-4
Calculate (6 - 2 - 5) + 3.
2
What is the value of 0 - ((3 - 7) + -1)?
5
Calculate 9 - (-3 - (-22 + 4) - 7).
1
Calculate (4 - (-1 + 3) - -1) + -8.
-5
Evaluate 7 - (5 + -4 - -3).
3
What is -136 + 137 + (2 - 1)?
2
What is the value of -2 - (-1 - (0 + -1 + 2))?
0
What is the value of (6 - (-3 - 0)) + -6?
3
Evaluate (1 - (4 - 5)) + -3.
-1
What is the value of 10 - 10 - (-2 - -1 - 3)?
4
Evaluate 5 - ((18 - 16) + -1 + 7).
-3
Evaluate 4 + 5 + -13 + 3.
-1
What is -2 + 4 - (6 - 10 - -3)?
3
What is the value of -1 - (4 + -3 - (8 - 4))?
2
What is 3 - 0 - (-1 + (0 - 1))?
5
What is the value of (-11 + 27 - 6) + -9?
1
1 + (-8 - (-7 + 2))
-2
7 - (-56 + 50 + 5 + 1)
7
What is the value of -1 - -11 - 6 - 8?
-4
What is the value of (-2 - (2 + -3)) + 1?
0
Evaluate (-7 - -1 - (-5 - 1)) + 5.
5
What is the value of (-1 - -1) + 1 + 0 + 3?
4
Calculate (5 - -2) + -5 + (4 - 1).
5
Calculate (17 - 18) + -1 + -2 + -2.
-6
What is the value of -1 + -2 + -1 + 9?
5
Evaluate -14 + 1 + (81 - 65).
3
What is 5 - (-8 - -14 - 3)?
2
What is the value of -25 + 29 + 4 + -2?
6
Calculate (6 - -2) + -2 - (5 - -1).
0
1 + (-14 - (-6 + -1))
-6
Evaluate -2 + (2 - 1) + 1.
0
(-6 - -6) + -4 - -5
1
Calculate 32 + -34 - (-4 + 1).
1
What is the value of -4 - (3 - (0 - (-3 - 9)))?
5
Calculate -115 + 118 - (8 + 1).
-6
-1 + 0 - (-4 - -8 - 4)
-1
What is (-2 - 1) + 0 + (6 - 4)?
-1
Evaluate (-4 - -3 - (-4 + 3)) + 3.
3
Evaluate 7 + -3 - (4 + -2 + 5).
-3
0 - -4 - (-1 + 4)
1
Evaluate (6 - 1) + -7 + 3 + -3.
-2
What is 31 + -41 - (3 - 9)?
-4
What is the value of (-18 + 39 - 19) + (-1 - 4)?
-3
What is 10 - (2 + 4) - 3?
1
What is the value of -3 - 0 - (-10 - -8)?
-1
Evaluate (-4 - -1) + -1 + 3 + 5.
4
Evaluate 3 - (4 - 4) - 8.
-5
(7 - (-10 - -14)) + (-8 - -1)
-4
What is the value of 1 - (-5 + 1 - -4) - 3?
-2
What is the value of -1 + (-4 - -4 - (-1 + 3))?
-3
Calculate (-11 - -2) + 16 + -3.
4
What is 4 + 3 + -4 - (0 + 6)?
-3
What is 2 + (-18 - -4) + 2?
-10
What is 2 - 5 - -8 - (2 - 0)?
3
Calculate 6 - (3 + -1 + (-5 - -4)).
5
What is the value of -1 + (4 - 5) + 1 - 0?
-1
Evaluate -6 + (1 + 0 - 2).
-7
Evaluate 3 + (-1 - -7) + -3 + -1.
5
Calculate (3 + -1 - (4 - 5)) + 2.
5
Evaluate -7 + 0 + 2 + -1.
-6
Evaluate (1 - 17 - (13 - 18)) + 5.
-6
What is -2 + (-12 - -1) + 18 + -16?
-11
2 + -4 - (-1 + 2 + 1)
-4
What is (6 - -9 - 8) + 1 + -3?
5
What is (9 - 8) + 0 - -3?
4
Evaluate (0 - 0) + -1 - (-1 - 1).
1
Evalu